{"id":2655,"date":"2020-01-14T15:30:04","date_gmt":"2020-01-14T14:30:04","guid":{"rendered":"https:\/\/www.cuisine-professionnelle.pro\/blog\/?page_id=2655"},"modified":"2020-01-14T21:07:52","modified_gmt":"2020-01-14T20:07:52","slug":"plan-du-blog","status":"publish","type":"page","link":"https:\/\/www.cuisine-professionnelle.pro\/blog\/plan-du-blog\/","title":{"rendered":"Plan du blog"},"content":{"rendered":"<p>Dans cette section de notre blog, retrouvez l&rsquo;ensemble des articles que nous avons r\u00e9alis\u00e9s pour vous conseiller sur les choix de mat\u00e9riels.<\/p>\n<div class=\"wsp-container\"><div id=\"toc_container\" class=\"no_bullets\"><p class=\"toc_title\">Sommaire<\/p><ul class=\"toc_list\"><li><a href=\"#Pages\"><span class=\"toc_number toc_depth_1\">1<\/span> Pages<\/a><\/li><li><a href=\"#Articles-par-categorie\"><span class=\"toc_number toc_depth_1\">2<\/span> Articles par cat\u00e9gorie<\/a><\/li><\/ul><\/div>\n<h2 class=\"wsp-pages-title\"><span id=\"Pages\">Pages<\/span><\/h2>\n<ul class=\"wsp-pages-list\">\n<li class=\"page_item page-item-2655\"><a href=\"https:\/\/www.cuisine-professionnelle.pro\/blog\/plan-du-blog\/\">Plan du blog<\/a><\/li>\n<\/ul>\n<h2 class=\"wsp-posts-title\"><span id=\"Articles-par-categorie\">Articles par cat\u00e9gorie<\/span><\/h2>\n<ul class=\"wsp-posts-list\">\n\t<li><strong class=\"wsp-category-title\">Cat\u00e9gorie\u00a0: <a href=\"https:\/\/www.cuisine-professionnelle.pro\/blog\/laverie\/\">Blog sur la Laverie Professionnelle<\/a><\/strong>\n<ul class=\"wsp-posts-list\">\t\t<li class=\"wsp-post\"><a href=\"https:\/\/www.cuisine-professionnelle.pro\/blog\/comment-nettoyer-lave-vaisselle-professionnel\/\">Comment nettoyer un lave-vaisselle professionnel ?<\/a><\/li>\n\t\t<li class=\"wsp-post\"><a href=\"https:\/\/www.cuisine-professionnelle.pro\/blog\/lave-verres-professionnel\/\">S&rsquo;\u00e9quiper d&rsquo;un lave-verres professionnel<\/a><\/li>\n\t\t<li class=\"wsp-post\"><a href=\"https:\/\/www.cuisine-professionnelle.pro\/blog\/bien-choisir-lave-vaisselle-capot\/\">Votre guide pour bien choisir votre lave-vaisselle \u00e0 capot professionnel<\/a><\/li>\n\t\t<li class=\"wsp-post\"><a href=\"https:\/\/www.cuisine-professionnelle.pro\/blog\/prelavage-lave-vaisselle\/\">Pourquoi pr\u00e9laver la vaisselle avant de la mettre au lave-vaisselle ?<\/a><\/li>\n\t\t<li class=\"wsp-post\"><a href=\"https:\/\/www.cuisine-professionnelle.pro\/blog\/lave-vaisselle-osmoseur\/\">Lave-vaisselle avec Osmoseur : quels avantages pour un professionnel ?<\/a><\/li>\n\t\t<li class=\"wsp-post\"><a href=\"https:\/\/www.cuisine-professionnelle.pro\/blog\/plonge-restauration-collective\/\">Plonge Restauration Collective<\/a><\/li>\n\t\t<li class=\"wsp-post\"><a href=\"https:\/\/www.cuisine-professionnelle.pro\/blog\/produit-lessiviel-definition\/\">Qu&rsquo;est-ce qu&rsquo;un produit lessiviel ?<\/a><\/li>\n\t\t<li class=\"wsp-post\"><a href=\"https:\/\/www.cuisine-professionnelle.pro\/blog\/lave-vaisselle-de-cantine-scolaire\/\">Lave Vaisselle de Cantine Scolaire<\/a><\/li>\n\t\t<li class=\"wsp-post\"><a href=\"https:\/\/www.cuisine-professionnelle.pro\/blog\/bonjour-tout-le-monde\/\">Bienvenue sur notre blog consacr\u00e9 \u00e0 la cuisine professionnelle<\/a><\/li>\n<\/ul><\/li>\n\t<li><strong class=\"wsp-category-title\">Cat\u00e9gorie\u00a0: <a href=\"https:\/\/www.cuisine-professionnelle.pro\/blog\/materiel\/\">Blog sur le Mat\u00e9riel professionnel<\/a><\/strong>\n<ul class=\"wsp-posts-list\">\t\t<li class=\"wsp-post\"><a href=\"https:\/\/www.cuisine-professionnelle.pro\/blog\/marmite-vin-chaud-marches-noel\/\">Marmite \u00e0 vin chaud, l&rsquo;alli\u00e9 indispensable de vos march\u00e9s de No\u00ebl<\/a><\/li>\n\t\t<li class=\"wsp-post\"><a href=\"https:\/\/www.cuisine-professionnelle.pro\/blog\/creme-chantilly-finir-repas\/\">La cr\u00e8me chantilly, pour finir le repas en beaut\u00e9 !<\/a><\/li>\n\t\t<li class=\"wsp-post\"><a href=\"https:\/\/www.cuisine-professionnelle.pro\/blog\/comment-amenager-cuisine-professionnelle\/\">Comment am\u00e9nager une cuisine professionnelle ?<\/a><\/li>\n\t\t<li class=\"wsp-post\"><a href=\"https:\/\/www.cuisine-professionnelle.pro\/blog\/avantages-coupe-frite-automatique\/\">Coupe frites professionnel automatique : de nombreux atouts<\/a><\/li>\n\t\t<li class=\"wsp-post\"><a href=\"https:\/\/www.cuisine-professionnelle.pro\/blog\/avantages-lampe-chauffe-plat\/\">Les avantages d&rsquo;une lampe chauffe plat dans une cuisine professionnelle<\/a><\/li>\n\t\t<li class=\"wsp-post\"><a href=\"https:\/\/www.cuisine-professionnelle.pro\/blog\/machine-sous-vide-indispensable\/\">Comment la machine sous vide est devenue indispensable<\/a><\/li>\n\t\t<li class=\"wsp-post\"><a href=\"https:\/\/www.cuisine-professionnelle.pro\/blog\/comment-choisir-une-planche-a-snacker-electrique-professionnelle\/\">Comment choisir une planche \u00e0 snacker \u00e9lectrique professionnelle ?<\/a><\/li>\n\t\t<li class=\"wsp-post\"><a href=\"https:\/\/www.cuisine-professionnelle.pro\/blog\/comment-choisir-une-plonge-en-inox-professionnelle\/\">Comment choisir une plonge en inox professionnelle ?<\/a><\/li>\n\t\t<li class=\"wsp-post\"><a href=\"https:\/\/www.cuisine-professionnelle.pro\/blog\/les-equipements-indispensables-pour-une-cuisine-pro\/\">Les \u00e9quipements indispensables pour une cuisine professionnelle<\/a><\/li>\n\t\t<li class=\"wsp-post\"><a href=\"https:\/\/www.cuisine-professionnelle.pro\/blog\/choisir-blender-professionnel\/\">Comment choisir un blender professionnel ?<\/a><\/li>\n\t\t<li class=\"wsp-post\"><a href=\"https:\/\/www.cuisine-professionnelle.pro\/blog\/fourneau-professionnel\/\">Quel fourneau professionnel choisir pour une cuisine professionnelle ?<\/a><\/li>\n\t\t<li class=\"wsp-post\"><a href=\"https:\/\/www.cuisine-professionnelle.pro\/blog\/armoire-a-dessert\/\">L\u2019armoire \u00e0 dessert, outil indispensable de votre cuisine professionnelle<\/a><\/li>\n\t\t<li class=\"wsp-post\"><a href=\"https:\/\/www.cuisine-professionnelle.pro\/blog\/chauffer-assiettes-avant-servir\/\">Comment chauffer les assiettes avant de servir<\/a><\/li>\n\t\t<li class=\"wsp-post\"><a href=\"https:\/\/www.cuisine-professionnelle.pro\/blog\/comment-equiper-cuisine-professionnelle\/\">Comment \u00e9quiper une cuisine professionnelle ?<\/a><\/li>\n\t\t<li class=\"wsp-post\"><a href=\"https:\/\/www.cuisine-professionnelle.pro\/blog\/machine-sous-vide-pro\/\">Bien conserver avec une machine sous-vide professionnelle<\/a><\/li>\n\t\t<li class=\"wsp-post\"><a href=\"https:\/\/www.cuisine-professionnelle.pro\/blog\/four-micro-ondes-professionnel-avantages\/\">Four micro-ondes professionnel : quels avantages ?<\/a><\/li>\n\t\t<li class=\"wsp-post\"><a href=\"https:\/\/www.cuisine-professionnelle.pro\/blog\/comment-nettoyer-une-cuisine-professionnelle\/\">Comment nettoyer une cuisine professionnelle ?<\/a><\/li>\n\t\t<li class=\"wsp-post\"><a href=\"https:\/\/www.cuisine-professionnelle.pro\/blog\/atouts-percolateur-professionnel\/\">Les atouts d&rsquo;un percolateur professionnel<\/a><\/li>\n\t\t<li class=\"wsp-post\"><a href=\"https:\/\/www.cuisine-professionnelle.pro\/blog\/armoires-refrigerees-patisseries\/\">Armoires r\u00e9frig\u00e9r\u00e9es pour les p\u00e2tisseries<\/a><\/li>\n\t\t<li class=\"wsp-post\"><a href=\"https:\/\/www.cuisine-professionnelle.pro\/blog\/double-four-pizza\/\">Double four \u00e0 pizzas : pourquoi c&rsquo;est si pratique ?<\/a><\/li>\n\t\t<li class=\"wsp-post\"><a href=\"https:\/\/www.cuisine-professionnelle.pro\/blog\/materiel-de-cuisine-professionnel-pas-cher\/\">Mat\u00e9riel de cuisine professionnel pas cher<\/a><\/li>\n\t\t<li class=\"wsp-post\"><a href=\"https:\/\/www.cuisine-professionnelle.pro\/blog\/quel-prix-pour-un-four-a-pizza-professionnel\/\">Quel prix pour un four \u00e0 pizza professionnel ?<\/a><\/li>\n\t\t<li class=\"wsp-post\"><a href=\"https:\/\/www.cuisine-professionnelle.pro\/blog\/armoires-chauffantes-inox\/\">Pour vos cuisines professionnelles, les armoires chauffantes en Inox<\/a><\/li>\n\t\t<li class=\"wsp-post\"><a href=\"https:\/\/www.cuisine-professionnelle.pro\/blog\/preparer-installation-cuisine-professionnelle\/\">Comment bien pr\u00e9parer l&rsquo;installation de sa cuisine professionnelle ?<\/a><\/li>\n\t\t<li class=\"wsp-post\"><a href=\"https:\/\/www.cuisine-professionnelle.pro\/blog\/machine-trancher-jambon-professionnelle\/\">Machine professionnelle \u00e0 trancher le jambon<\/a><\/li>\n\t\t<li class=\"wsp-post\"><a href=\"https:\/\/www.cuisine-professionnelle.pro\/blog\/materiel-professionnel-alimentaire\/\">Mat\u00e9riel pour professionnel dans l&rsquo;alimentaire<\/a><\/li>\n\t\t<li class=\"wsp-post\"><a href=\"https:\/\/www.cuisine-professionnelle.pro\/blog\/la-cuisine-inox\/\">La cuisine Inox<\/a><\/li>\n\t\t<li class=\"wsp-post\"><a href=\"https:\/\/www.cuisine-professionnelle.pro\/blog\/materiel-traiteur\/\">Mat\u00e9riel de cuisine pour traiteur<\/a><\/li>\n<\/ul><\/li>\n<\/ul>\n<\/div>\n","protected":false},"excerpt":{"rendered":"<p>Dans cette section de notre blog, retrouvez l&rsquo;ensemble des articles que nous avons r\u00e9alis\u00e9s pour vous conseiller sur les choix de mat\u00e9riels.<\/p>\n","protected":false},"author":2,"featured_media":2650,"parent":0,"menu_order":0,"comment_status":"closed","ping_status":"closed","template":"","meta":[],"yoast_head":"<!-- This site is optimized with the Yoast SEO plugin v15.9.2 - https:\/\/yoast.com\/wordpress\/plugins\/seo\/ -->\n<title>Plan du blog - Blog Cuisine Professionnelle<\/title>\n<meta name=\"robots\" content=\"index, follow, max-snippet:-1, max-image-preview:large, max-video-preview:-1\" \/>\n<link rel=\"canonical\" href=\"https:\/\/www.cuisine-professionnelle.pro\/blog\/plan-du-blog\/\" \/>\n<meta property=\"og:locale\" content=\"fr_FR\" \/>\n<meta property=\"og:type\" content=\"article\" \/>\n<meta property=\"og:title\" content=\"Plan du blog - Blog Cuisine Professionnelle\" \/>\n<meta property=\"og:description\" content=\"Dans cette section de notre blog, retrouvez l&rsquo;ensemble des articles que nous avons r\u00e9alis\u00e9s pour vous conseiller sur les choix de mat\u00e9riels.\" \/>\n<meta property=\"og:url\" content=\"https:\/\/www.cuisine-professionnelle.pro\/blog\/plan-du-blog\/\" \/>\n<meta property=\"og:site_name\" content=\"Blog Cuisine Professionnelle\" \/>\n<meta property=\"article:modified_time\" content=\"2020-01-14T20:07:52+00:00\" \/>\n<meta property=\"og:image\" content=\"https:\/\/www.cuisine-professionnelle.pro\/blog\/wp-content\/uploads\/2020\/01\/blog-cuisine-professionnelle.jpg\" \/>\n\t<meta property=\"og:image:width\" content=\"1200\" \/>\n\t<meta property=\"og:image:height\" content=\"630\" \/>\n<meta name=\"twitter:card\" content=\"summary_large_image\" \/>\n<script type=\"application\/ld+json\" class=\"yoast-schema-graph\">{\"@context\":\"https:\/\/schema.org\",\"@graph\":[{\"@type\":\"WebSite\",\"@id\":\"https:\/\/www.cuisine-professionnelle.pro\/blog\/#website\",\"url\":\"https:\/\/www.cuisine-professionnelle.pro\/blog\/\",\"name\":\"Blog Cuisine Professionnelle\",\"description\":\"Tout pour les pros, les restaurants, les hotels et les collectivit\\u00e9s\",\"potentialAction\":[{\"@type\":\"SearchAction\",\"target\":\"https:\/\/www.cuisine-professionnelle.pro\/blog\/?s={search_term_string}\",\"query-input\":\"required name=search_term_string\"}],\"inLanguage\":\"fr-FR\"},{\"@type\":\"ImageObject\",\"@id\":\"https:\/\/www.cuisine-professionnelle.pro\/blog\/plan-du-blog\/#primaryimage\",\"inLanguage\":\"fr-FR\",\"url\":\"https:\/\/www.cuisine-professionnelle.pro\/blog\/wp-content\/uploads\/2020\/01\/blog-cuisine-professionnelle.jpg\",\"width\":1200,\"height\":630,\"caption\":\"blog consacre a la cuisine professionnelle\"},{\"@type\":\"WebPage\",\"@id\":\"https:\/\/www.cuisine-professionnelle.pro\/blog\/plan-du-blog\/#webpage\",\"url\":\"https:\/\/www.cuisine-professionnelle.pro\/blog\/plan-du-blog\/\",\"name\":\"Plan du blog - Blog Cuisine Professionnelle\",\"isPartOf\":{\"@id\":\"https:\/\/www.cuisine-professionnelle.pro\/blog\/#website\"},\"primaryImageOfPage\":{\"@id\":\"https:\/\/www.cuisine-professionnelle.pro\/blog\/plan-du-blog\/#primaryimage\"},\"datePublished\":\"2020-01-14T14:30:04+00:00\",\"dateModified\":\"2020-01-14T20:07:52+00:00\",\"breadcrumb\":{\"@id\":\"https:\/\/www.cuisine-professionnelle.pro\/blog\/plan-du-blog\/#breadcrumb\"},\"inLanguage\":\"fr-FR\",\"potentialAction\":[{\"@type\":\"ReadAction\",\"target\":[\"https:\/\/www.cuisine-professionnelle.pro\/blog\/plan-du-blog\/\"]}]},{\"@type\":\"BreadcrumbList\",\"@id\":\"https:\/\/www.cuisine-professionnelle.pro\/blog\/plan-du-blog\/#breadcrumb\",\"itemListElement\":[{\"@type\":\"ListItem\",\"position\":1,\"item\":{\"@type\":\"WebPage\",\"@id\":\"https:\/\/www.cuisine-professionnelle.pro\/blog\/\",\"url\":\"https:\/\/www.cuisine-professionnelle.pro\/blog\/\",\"name\":\"Blog Cuisine Professionnelle\"}},{\"@type\":\"ListItem\",\"position\":2,\"item\":{\"@type\":\"WebPage\",\"@id\":\"https:\/\/www.cuisine-professionnelle.pro\/blog\/plan-du-blog\/\",\"url\":\"https:\/\/www.cuisine-professionnelle.pro\/blog\/plan-du-blog\/\",\"name\":\"Plan du blog\"}}]}]}<\/script>\n<!-- \/ Yoast SEO plugin. -->","_links":{"self":[{"href":"https:\/\/www.cuisine-professionnelle.pro\/blog\/wp-json\/wp\/v2\/pages\/2655"}],"collection":[{"href":"https:\/\/www.cuisine-professionnelle.pro\/blog\/wp-json\/wp\/v2\/pages"}],"about":[{"href":"https:\/\/www.cuisine-professionnelle.pro\/blog\/wp-json\/wp\/v2\/types\/page"}],"author":[{"embeddable":true,"href":"https:\/\/www.cuisine-professionnelle.pro\/blog\/wp-json\/wp\/v2\/users\/2"}],"replies":[{"embeddable":true,"href":"https:\/\/www.cuisine-professionnelle.pro\/blog\/wp-json\/wp\/v2\/comments?post=2655"}],"version-history":[{"count":2,"href":"https:\/\/www.cuisine-professionnelle.pro\/blog\/wp-json\/wp\/v2\/pages\/2655\/revisions"}],"predecessor-version":[{"id":2665,"href":"https:\/\/www.cuisine-professionnelle.pro\/blog\/wp-json\/wp\/v2\/pages\/2655\/revisions\/2665"}],"wp:featuredmedia":[{"embeddable":true,"href":"https:\/\/www.cuisine-professionnelle.pro\/blog\/wp-json\/wp\/v2\/media\/2650"}],"wp:attachment":[{"href":"https:\/\/www.cuisine-professionnelle.pro\/blog\/wp-json\/wp\/v2\/media?parent=2655"}],"curies":[{"name":"wp","href":"https:\/\/api.w.org\/{rel}","templated":true}]}}